et f be q(-9). Let y(i) = -4 + 5*i - f*i + 4 + 2. Determine y(-2).
0
Let k(a) be the second derivative of -5*a**4/12 - a**2/2 - 347*a. Give k(2).
-21
Suppose 17*r + 41*r - 1275 = -17*r. Let i(z) = -2*z - 27. Determine i(r).
-61
Let q(r) = -2190*r + 4409*r - 2211*r - 7. Calculate q(-10).
-87
Let f(z) = -8 - z + 9 + z**2 - z. Let p be f(1). Let o(k) = -41*k**3 - 38*k + 18. Let q(a) = 13*a**3 + 12*a - 6. Let l(j) = -6*o(j) - 19*q(j). Calculate l(p).
6
Let b(o) = -56*o**3 - 3*o**2 + o. Suppose -179*c - 32 + 318 = 107*c. Determine b(c).
-58
Let b = 15158 - 15178. Let f(z) = z**3 + 19*z**2 - 23*z - 20. Give f(b).
40
Let a(j) = -8*j**2 - 15*j + 72. Let c(n) = -7*n**2 - 14*n + 67. Let z(w) = -6*a(w) + 7*c(w). Determine z(-12).
-11
Let f(i) be the second derivative of i**5/20 + 3*i**4/4 - 2*i**3 - 13*i**2/2 - 625*i. Suppose 0 = -w + 3*w + 3*t + 26, -4*t = 8. Determine f(w).
7
Let r(l) = 15*l**2 + 7*l + 22 - 21*l**2 - 7 - l**3 - 7. What is r(-6)?
-34
Let y(r) = 17*r + 2. Let z(d) be the first derivative of 7*d**2 + 2*d - 17. Let u(j) = 5*y(j) - 6*z(j). What is u(5)?
3
Let c be -4 + (1 - 2 - -1). Let p(o) = -11 + 1 + o**2 - 2*o**2 + 23 + 2*o**2 + 6*o - 4. Give p(c).
1
Let n = 6 - 3. Let q(f) = 13*f**3 - f**2 + 18*f**3 + 105*f**3 - 135*f**3 - 3*f**2 + 4. Determine q(n).
-5
Suppose -162*f + j - 7 = -163*f, -j - 59 = -5*f. Let p(n) be the first derivative of f*n + 1/2*n**2 + 17 - 1/3*n**3. What is p(0)?
11
Let c(p) = -23*p**2 + 4*p + 2. Let j = -3119 - -3121. Give c(j).
-82
Suppose -12*o + 14*o = 4. Let j(n) = 6*n**2 + 13*n**2 + 12*n + 6 + o*n**3 - n**3 - 7*n**2. Suppose q + 9 = f + 1, 0 = 2*q - 3*f + 13. Calculate j(q).
-5
Let t(o) = o**2 - o - 4. Suppose 11*i + 353 = -142. Let x = i + 45. Suppose -y - 4*m + 7 = x, -3*y + 2*m = 7*m - 14. What is t(y)?
2
Let z(d) = -2*d - 7. Let k = 92 + -96. Let w be (-26)/(k/32*-4). Let n = w + 45. Calculate z(n).
7
Suppose -4*u = k - 6, 4*u + 16 = 3*k - 2. Let r(j) = j**3 - 6*j**2 + 4*j + 2. Calculate r(k).
26
Let b(o) = -4*o**2 + 17*o - 10. Let d be b(4). Let x(v) = -v**2 + v + 1. Let s be x(-2). Let g be (0 - (-15)/d)*10/s. Let n(a) = -a**2 + 7*a - 1. Give n(g).
9
Let r(n) be the second derivative of 13*n**4/6 - 1441*n. Determine r(1).
26
Suppose -4*t + g + 98 = 0, 0 = -84*t + 85*t - 5*g - 15. Let y(b) = -3*b**3 + 72*b**2 + 73*b + 55. Determine y(t).
5
Let f = -3 + 2. Let y(m) be the third derivative of -5*m**4/24 - 1521*m**2 + m. Calculate y(f).
5
Let q(f) = 3*f + 1. Let a(p) = -15*p - 18. Let m(i) = a(i) + 4*q(i). Calculate m(11).
-47
Let s(n) = -2*n**3 + 25*n**2 + 16*n - 30. Let w be s(13). Let d(a) = a**3 - 8*a**2 - 2*a + 7. Calculate d(w).
70
Let a(t) = -153*t - 2598. Let p be a(-17). Let n(l) be the second derivative of 0 - 1/4*l**4 - 1/20*l**5 + 2*l**2 - 32*l + l**p. Give n(-4).
-4
Let v(s) be the second derivative of 1/2*s**2 - s**3 + 80*s + 0. Determine v(2).
-11
Suppose d + 26 = 3*s, 2*s + 5*d = 6*s - 31. Let i(h) = -8*h**2 + 5*h - 7*h + s*h - h**3 + 3*h. Determine i(-9).
-9
Let g(r) = -2*r + 7. Suppose -127*q + 178*q + 408 = 0. What is g(q)?
23
Let q(w) = 7*w + 4*w + 3*w - 4 - 3*w - w**2. Suppose -10 = -2*s, 17 = 6*r - 5*r + 3*s. Suppose -r*a + 2 = -5*g + 29, -3*g + 4*a = -5. Calculate q(g).
24
Let y(a) = -4*a**2 + 2*a - 1. Suppose 38*p - 52 = 25*p. Give y(p).
-57
Let u(t) = 161426*t**2 - 5*t - 80711*t**2 + 2*t**3 - 1 - 80718*t**2. Determine u(-2).
-19
Let h = -13689 - -13675. Let j(a) = a**2 + 11*a - 3. Calculate j(h).
39
Let a be 78/(-21) - 4/14. Let h(y) be the second derivative of -y**3/6 + y**2/2 - 39047*y. Give h(a).
5
Let k(d) be the first derivative of 2/3*d**3 - 3*d - 146 + 7/2*d**2. Calculate k(-5).
12
Let q(x) = 3*x**2 - 2*x + 5. Let r(l) = -7*l**2 + 5*l - 11. Let t(b) = -9*q(b) - 4*r(b). Suppose -74*w = -63668 + 63816. Give t(w).
7
Let c(q) be the second derivative of q**4/12 - 11*q**3/6 + 23*q**2/2 - 11*q - 27. What is c(2)?
5
Let f(i) = -25*i**3 - i**2 + 9*i + 37. Let t(h) = 9*h**3 - 3*h - 13. Let z(p) = 4*f(p) + 11*t(p). Let b = 160 + -164. What is z(b)?
-7
Let a(m) = -3*m + 89 - 174 + 2*m**2 + 88 - m**2. Let g be 9 + -9 + (2 - 6). Give a(g).
31
Let t(a) be the first derivative of 15 + 4/3*a**3 + a - 3/2*a**2. Suppose 0 = 33*x - 35*x + 4. Calculate t(x).
11
Let w(x) = 36*x + 29*x + 36*x - 133*x + 40*x - 1. Let g = -79 + 52. Let s be ((-1)/3)/((-9)/g). Give w(s).
-9
Let z(h) = h + 7 - h + h. Let n(f) = -3*f - 18. Let q = 197 - 201. Let s be n(q). What is z(s)?
1
Suppose 35*s + 41 = -37 + 743. Let k(q) = 2*q - 39. Determine k(s).
-1
Let r(f) = -5*f**2 - f + 2. Suppose 13 + 10 = 4*n + 5*y, 3*y - 11 = -2*n. Suppose -n*b - 4 = 10. Calculate r(b).
-16
Let g(q) = 5*q - 9. Suppose -4*f - 4*c = -76, 5*f - 2*c = -4*c + 83. Let t(i) = -f + 5 - 88*i + 94*i. Let y(z) = 5*g(z) - 4*t(z). Determine y(0).
-5
Let q = 61 + -13. Let i = 62 - q. Let b(p) = i*p + 15*p + 2*p - 1 - 9*p. Determine b(1).
21
Let t(w) = 2*w**2 + 234*w - 25. Let u(z) = 14*z**2 + 701*z - 74. Let b(l) = -8*t(l) + 3*u(l). Determine b(-9).
5
Let r(d) = 4*d - 27. Let b be 3074/4 + (-18)/(-12). Suppose 12 = b*k - 768*k. What is r(k)?
-3
Let h(y) = 4*y**2 + 12*y - 10. Let c(l) = -l**2 - l. Let k(x) = -3*c(x) - h(x). Suppose 2*p + 42 = -4*p. Give k(p).
24
Let m(s) = -s**3 - 22*s**2 + 87*s - 4. Let t be m(6). Let o = t - -494. Let n(x) = x**2 - 6*x + 9. Determine n(o).
1
Let x(z) = -z - 2. Let d be (21/6)/((-7)/(-154)). Let j(v) = v + d - 34 + v. Let n be j(-20). Give x(n).
-5
Let j(u) = 4*u + 33. Let i be j(5). Suppose -i = 3*k - 50. Let h(s) = 6*s**2 - 3*s - 2. Calculate h(k).
7
Let z(s) = s**2 - 26*s - 151. Let j = -2488 + 2483. What is z(j)?
4
Let v(l) = 14*l - 3. Let w(s) = 5*s - 1. Let q(o) = 6*v(o) - 17*w(o). Let n = -5320 + 5317. What is q(n)?
2
Let v(a) = a**2 - 10*a + 9. Let b = -150 + 275. Let h = b + -118. Calculate v(h).
-12
Suppose 5*p + 29 = 2*n + 2, 4*n = -2*p + 18. Let c be 1/3 - (-28)/n. Let b(s) = -3*s + 9. Let v(x) = x - 1. Let r(t) = b(t) + 4*v(t). Determine r(c).
10
Let c(a) be the first derivative of a**4/4 - 8*a**3 + 25*a**2/2 - 49*a - 1024. What is c(23)?
-3
Let j(w) be the second derivative of -w**5/20 + 11*w**4/12 - 7*w**3/6 - 9*w**2/2 + 3038*w. Calculate j(8).
127
Let z be (4/10)/((-5)/(6 + 44)). Let v be (12/(-4))/((-3 + z)/(-21)). Let m(n) = n**3 + 9*n**2 + 4. Determine m(v).
4
Let a(r) be the first derivative of r**2/2 - 4*r - 994. Calculate a(9).
5
Let p(c) be the second derivative of -c**3/6 - 15*c**2 - 5*c. Let d = 23630 - 23645. Calculate p(d).
-15
Suppose -546 = -2*t + 9*t. Let z = -71 - t. Let i(y) = -y**3 + 6*y**2 + 8*y - 6. Determine i(z).
1
Let x(w) = -33*w**2 + 9*w + 47. Let g(y) = -16*y**2 - y. Let u(z) = -2*g(z) + x(z). Determine u(15).
-13
Suppose -3 - 6 = -3*b. Suppose -a = -b*w + 19, 24 = w - 5*a - 1. Let g(c) be the first derivative of 3*c**2/2 + 6*c + 2. Give g(w).
21
Let c be 3 - -1 - (1 - -1). Let k be 844/30 + 32/(-240). Let v(x) = 2 + x**2 + 2*x**3 - 31*x + k*x - x**3. Calculate v(c).
8
Let q be 363/1452*17*4. Let x(a) = -7*a + 100. What is x(q)?
-19
Let t be 10/(-85) + (-1685)/(-17). Suppose 8*q - t = 5*q. Let s be q*(-1)/(-6)*2. Let o(n) = -n**3 + 10*n**2 + 12*n - 6. Give o(s).
5
Let x(m) = 20*m**2 + 121*m + 2. Suppose 47452*i = 47451*i - 6. Calculate x(i).
-4
Suppose 178*z + 5*j = 178*z, -j - 5 = -z. Let u(h) = 2*h - 11. Let f be u(10). Let x(o) = o + o**2 + f*o**2 - 5*o**2 - o**3 - 7. What is x(z)?
-2
Let j(o) = -o**2 - 27*o - 2*o**2 - 30*o - 7 - 23*o + 77*o. Determine j(-6).
-97
Suppose -75 = -4*t + x, -2 = -x - 5. Let k be 94/t - 12/54. Let q(a) be the first derivative of a**2 - 3*a + 18. Determine q(k).
7
Let p(f) = f**3 + 3 - 3 - 2*f - 5*f**2. Let l(k) = 2*k**3 + 42*k**2 - 390*k + 60. Let b be l(-28). Determine p(b).
-24
Let c = 5 - 3. Let w(x) = -440 + 86 + 91 + 83 + x + 85 + 91. What is w(c)?
-2
Let a be (1 - 1)/(3 + -2). Let g = -518 + 520. Let k(h) = h + 42*h**2 - 5 + 42*h**g - 2*h - 83*h**2. Calculate k(a).
-5
Suppose -10*g = 5*g - 90. Let k(w) = w**3 + 1 - 2*w**2 - g*w + 3*w - 2 - 1. What is k(4)?
18
Let q(f) = -12*f**2 - 187*f + 9. Let a(b) = -2*b**2 - 40*b + 2. Let z(p) = 14*a(p) - 3*q(p). Give z(-1).
8
Let r(n) = 10*n + 43. Let j(s) = -3*s - 14. Let x(y) = -19*j(y) - 6*r(y). Calculate x(7).
-13
Let c(g) = -5*g + 1. Let v(n) = 16*n + 24. Let s(q) = -8*c(q) - 3*v(q). What is s